 s - 10. Give a(r).
-1
Let u(q) be the second derivative of q**4/6 - 3*q**3/2 + q**2/2 - 433*q. What is u(7)?
36
Let w(d) be the second derivative of -14*d**3/3 - d**2/2 + 158*d. What is w(-1)?
27
Let n(t) = -t + 25. Let j(i) = i**3 + 13*i**2 + 20*i - 12. Let b be j(-11). Determine n(b).
15
Suppose 5*i + 48 = -o, -1 + 45 = -4*i + 2*o. Let c be 5/10*i - -3. Let t(w) = 2*w - 1. Determine t(c).
-5
Let k(p) be the second derivative of 0*p**2 + 0 - 1/6*p**3 + 2*p. Determine k(-4).
4
Let c(b) be the third derivative of -b**2 - 1/120*b**6 + 2 + 1/30*b**5 + 0*b + 1/3*b**3 + 0*b**4. Calculate c(3).
-7
Suppose 42 = 6*o - 42. Suppose -o + 17 = r. Let l(d) = 3 + d**2 + d - 4*d + 0*d. Calculate l(r).
3
Let h(t) = -t**2 + 12*t + 11. Suppose 84 = 92*y - 86*y. Determine h(y).
-17
Let f be (-2)/4 - 20/8. Let l(b) = -2*b**3 + 4*b**2 + 6*b + 9. Let o(m) = -m**3 - m**2. Let s(z) = f*o(z) + l(z). Calculate s(-6).
9
Suppose -f = 4*s - 4*f - 11, 2*s - 5 = f. Suppose 9 = p - 2*w, s*p - 3*w - 31 = -2*p. Let j(z) = -z**3 + 8*z**2 - 8*z - 9. What is j(p)?
-16
Let n(l) be the first derivative of l**3/6 - 13*l**2/2 + 6*l - 8. Let p(s) be the first derivative of n(s). Let v be p(6). Let d(y) = -y - 6. Determine d(v).
1
Let d(c) be the first derivative of -3*c**2/2 - 145. Determine d(-5).
15
Suppose 2*n - j = 8 - 10, -5*n + 5*j + 5 = 0. Let q(c) = -2*c**3 - 4*c**2 - c + 1. Calculate q(n).
22
Let u be 1 + -9 + 2*2. Let t = -6 + 10. Let y(d) = -d**2 - 1. Let n(m) = -m. Let v(g) = t*n(g) + y(g). Calculate v(u).
-1
Let s = 20 + -27. Let h(p) = -p. Let w(k) = -k**3 - 8*k**2 - 2*k + 3. Let y(r) = 4*h(r) + w(r). What is y(s)?
-4
Let r(j) = -3*j + 1. Let z(y) = -17*y - 4. Let u(a) = -6*r(a) + z(a). Let k(m) = -3*m + 3. Let i be k(1). What is u(i)?
-10
Let m(l) = -l**2 + l + 2. Let j be (-3)/(-8) + 2530/(-176). Suppose -2*n - 5*v + 2 - 33 = 0, 0 = -5*n - 3*v - 87. Let d = j - n. What is m(d)?
-10
Let x = 36 + -35. Let a(l) = -l - 1. Let w(h) = 10*h + 2. Let y(c) = -3*a(c) - w(c). Calculate y(x).
-6
Let b(d) = -2*d. Let i(m) = m**3 - 9*m**2 - 3*m + 1. Let z be i(9). Let g = z + 23. Let c be b(g). Let f(t) = t**2 - 6*t - 6. Calculate f(c).
-6
Let a be 20/(-8)*(-4)/10. Suppose a = r - 8. Let d(q) = q - 11. Give d(r).
-2
Let j(w) = 2*w**2 - 33*w - 10. Suppose 3*l - 32 = -r + 8*l, 0 = -5*r + 2*l + 91. Calculate j(r).
7
Suppose -21 = -m + 4*u, -2*m - m = 5*u + 22. Let z(v) = v - 13. Let s(n) = 2. Let w(g) = -6*s(g) - z(g). Calculate w(m).
0
Let x(y) = 2*y**2 + 37*y + 52. Let g(t) = t**2 + 18*t + 25. Let i(n) = -7*g(n) + 3*x(n). What is i(-13)?
7
Let o(f) = -f + 4. Let z be o(0). Let w = 5 - z. Suppose i - 5 = -w. Let r(p) = p - 1. What is r(i)?
3
Let f(d) = -d**3 - 24*d**2 - 24*d - 20. Let t(p) = -8*p + 97. Let m be t(15). Give f(m).
3
Let a(w) = w**2 + 9*w + 11. Let y = 40 + -64. Let x = 16 + y. Calculate a(x).
3
Let g = -108 + 409. Let k(d) = -g*d + 302*d - 1 + 2. Suppose 4*m + 23 = 7. Give k(m).
-3
Let r(m) = 6*m**2 - 6*m + 6. Let j(d) = -d**2 + d - 1. Let g(o) = -5*j(o) - r(o). Calculate g(1).
-1
Let f(z) = z**2 - 6*z - 4. Suppose -w = w + 10. Let d be (-164)/(-20) - (-1)/w. Calculate f(d).
12
Let p(a) = 12*a**2 - 98*a + 16. Let m be p(8). Let x(s) = s**2 + 3. Give x(m).
3
Let n(t) = t**2 - 11*t + 4. Let k(v) = -2*v**2 + 13*v - 4. Let r(d) = -4*k(d) - 5*n(d). Calculate r(2).
14
Let z(k) = 5*k + 47. Let f be z(-9). Let o(n) = -4*n + 4*n + n**2 + 5*n + 3 - 2*n**f. Let t(p) = -2*p - 8. Let s be t(-6). What is o(s)?
7
Let c(h) = 2 + 0*h + 3*h + h + 3. Let n(f) = 3 - 1 + 3*f + 1 + 1. Let g(k) = -4*c(k) + 5*n(k). Determine g(8).
-8
Let t(a) = 2*a + 6. Let j be t(-5). Let u be (-3 - (-5 - -3))/(-1). Let x(g) = -1 + 18*g + 6 - u - 17*g. Calculate x(j).
0
Let n(g) = g**3 + 5*g**2 - 4*g + 7. Suppose 3*s = -10 - 8. What is n(s)?
-5
Suppose -118*s + 114*s - 20 = 0. Let b(f) = -f**2 - 6*f - 4. Calculate b(s).
1
Let m(p) = p**2 + 4*p - 1. Let u(j) = j**3 - 10*j**2 + 3*j + 9. Let o be u(10). Let s = -42 + o. Give m(s).
-4
Let b(q) = -3 + 4 + 3*q**2 - 476*q + 478*q. What is b(-2)?
9
Let c(v) = v**3 - 2*v**2 - v. Let k(p) = -p**2 - 9*p + 16. Let z be k(-11). Let d be z/(-1) + -5 + 4. Suppose -1 - 10 = x - d*r, 4*x = -5*r + 6. Determine c(x).
-2
Suppose 10*q - 8*q = 8. Let n(i) = 13*i + 2. Calculate n(q).
54
Suppose -2*q - n = -0*q - 12, -4*n + 30 = 5*q. Let t(v) = v**2 + q + 4 + v + 9*v. Determine t(-8).
-6
Let c be 84/35 - 2/5. Let m = -24 + 29. Let g(b) = -1 + 4*b**2 - 6 - 3*b + 4 + m. Calculate g(c).
12
Let f(g) be the second derivative of -g**5/20 - 7*g**4/12 + 2*g**3 + 15*g**2/2 - 957*g. Give f(-8).
-17
Let c be (3*7)/(54/18). Let y(z) = -2*z - 4. Give y(c).
-18
Let o(y) = -y**2 + y + 7. Let f be (3 + 7/(-2))*8/(-1). Let a = f + -4. What is o(a)?
7
Let s = -13 - -8. Suppose a - 15 = -5*v, 2 = -3*a + 17. Let r(l) = 11 - 4 - 58*l - l**v + 56*l. Give r(s).
-8
Suppose 20 = q + 5*i, -5 = 2*q - 5*q - 4*i. Let r = -1 - q. Let g = r + 1. Let h(f) = -f**3 + 5*f**2 - f + 1. Give h(g).
-4
Suppose 0 = -7*j + 4*j - 27. Let z be ((-3)/j)/(2/(-54)). Let b(w) = 2*w + 12. Calculate b(z).
-6
Let y(r) = r**2 - 2*r + 3. Let z(f) = 8*f**2 - 5*f + 555*f**3 - 556*f**3 - f**2. Let o be z(6). Let a = o + -4. What is y(a)?
3
Let l(w) = -w**2 - 12*w + 15. Let j(v) = 9*v - 40. Let c be j(3). Calculate l(c).
2
Suppose -100 = -4*g - 68. Let h(j) = j**3 - 8*j**2 + 2*j - 9. Calculate h(g).
7
Let o be -1 + 34/12 + 1/6. Let m(u) = -1 - 2 + 2 - 4 - u**o. Determine m(4).
-21
Let y(s) = -2 + 4*s - 13777*s**2 + s**3 - 5 + 13772*s**2. What is y(6)?
53
Let r = -5 + 1. Let q(a) = -3*a + 9. Let j(k) = 5. Let f(p) = 4. Let w(y) = -4*f(y) + 3*j(y). Let u(d) = -q(d) - 15*w(d). Determine u(r).
-6
Let j(u) = 3*u**3 - 1. Let d be j(1). Let f(p) = -p**3 + 5 - 159*p**2 + 1 + 164*p**2 + d*p. Let z be 0 - 0 - 5*-1. Give f(z).
16
Let w(c) = 1 + 4 + 2 + c + 13*c**2. Let u(r) = 7*r**2 + r + 4. Let v(l) = -11*u(l) + 6*w(l). Let s(m) be the first derivative of v(m). Determine s(5).
5
Let l(x) = 4*x + 4. Let z(t) = -t**3 - 3*t**2 + 8*t - 12. Let q be z(-5). Determine l(q).
-4
Let u = 53 - 59. Let j(t) be the first derivative of 3*t**2/2 + 2*t + 3. What is j(u)?
-16
Let z(s) = s**3 - 7*s**2 + 3*s + 5. Let r(o) = o**2 - 4*o + 2. Let u be r(5). Suppose -8*x = -u*x + 5*b - 21, -x = -4*b + 6. Give z(x).
-13
Suppose 4*b - 2*k = 20, b + 3*k = -b + 10. Suppose 14 = 2*p - 4*x, b*x + 23 = -2*p - 8. Let v(y) = 0 + 1 - 6*y + 8*y - 5*y. Calculate v(p).
10
Let q(i) = 2*i**2 - i - 3. Let c(u) = -u**2 + 2. Let x(o) = 3*c(o) + 2*q(o). Let n(k) = -k**3 - 9*k**2 - 12*k + 16. Let y be n(-7). What is x(y)?
0
Let w(d) = d**3 + 6*d**2 + d. Let i(m) = m**2 + 5*m - 2. Let b be (3/(-2))/(42/112). Let h be i(b). Let t be w(h). Let j(o) = -o + 7. What is j(t)?
13
Let r(s) = -2*s**3 + 55*s**2 + 39*s + 6. Let n(p) = -p**3 + 26*p**2 + 19*p + 3. Let a(j) = 9*n(j) - 4*r(j). Give a(15).
3
Let o be (-70)/4*24/(-420)*-7. Let p(d) = -d - 12. Determine p(o).
-5
Let g(y) = -2*y**2 - 2101 + y**2 + 2135 - 4*y + 3*y. Give g(0).
34
Let p(t) = -t**3 - 3*t**2 - 4*t - 5. Let g be p(-3). Suppose 3*d - g = 8. Let q(h) be the third derivative of h**5/60 - h**4/6 - h**3 + h**2. Calculate q(d).
-1
Let g(m) = 2*m**3 - 2*m**2 - 2*m - 2. Let z(r) = r**3 - r**2 - 2*r - 1. Let b(s) = -2*g(s) + 3*z(s). Calculate b(3).
-23
Let n(s) = -20*s**2 + 23*s - 8. Let d(a) = -9*a**2 + 11*a - 4. Let z(y) = -9*d(y) + 4*n(y). What is z(5)?
-6
Let w(f) = -2*f**2 + 4*f + 5. Let u(k) = -k - 17. Let m be u(-21). What is w(m)?
-11
Let t(i) be the first derivative of i**3/3 - 3*i**2 + 6*i - 76. What is t(5)?
1
Let h = -9 + 10. Let w(x) = 6*x**3 - x**2. Calculate w(h).
5
Let s(j) = 32*j - 1. Suppose -2*x = -y + 2*y - 1, -4*x - 4 = -4*y. What is s(y)?
31
Let j(f) be the first derivative of -2/3*f**3 + 8 + 7/2*f**2 - 4*f. Give j(4).
-8
Let i(m) = 7*m + 5. Let z(j) = j. Let r(q) = q - 3. Let v(u) = r(u) - 5*z(u). Let t = -54 - -51. Let g(x) = t*i(x) - 5*v(x). Give g(-2).
2
Suppose 6*w - 113 = -203. Let x(j) = 3*j - 2. What is x(w)?
-47
Let l = 8 + -6. Let x(s) = 2*s - 4*s**3 + s**3 - 6*s**l + 6 + 2*s**3. Let y = -378 - -372. Calculate x(y).
-6
Let s(g) be the third derivative of -g**5/30 + g**4/8 - 383*g**2 - 4. Suppose 0 = -5*k + 3*f + 9, -k = 3*f - 1 - 8. Give s(k).
-9
Let m(x) = x**3 + 2*x**2 - 5*x + 2. Let j be m(3). Suppos